{"version":"1.0","provider_name":"Climate Charter","provider_url":"https:\/\/www.climate-charter.org\/fr\/","author_name":"hrenko_admin","author_url":"https:\/\/www.climate-charter.org\/fr\/author\/hrenko_admin\/","title":"Secr\u00e9tariat - Climate Charter","type":"rich","width":600,"height":338,"html":"<blockquote class=\"wp-embedded-content\" data-secret=\"95AIbRDJ0b\"><a href=\"https:\/\/www.climate-charter.org\/fr\/secretariat\/\">Secr\u00e9tariat<\/a><\/blockquote><iframe sandbox=\"allow-scripts\" security=\"restricted\" src=\"https:\/\/www.climate-charter.org\/fr\/secretariat\/embed\/#?secret=95AIbRDJ0b\" width=\"600\" height=\"338\" title=\"\u00ab\u00a0Secr\u00e9tariat\u00a0\u00bb &#8212; Climate Charter\" data-secret=\"95AIbRDJ0b\" frameborder=\"0\" marginwidth=\"0\" marginheight=\"0\" scrolling=\"no\" class=\"wp-embedded-content\"><\/iframe><script type=\"text\/javascript\">\n\/* <![CDATA[ *\/\n\/*! This file is auto-generated *\/\n!function(d,l){\"use strict\";l.querySelector&&d.addEventListener&&\"undefined\"!=typeof URL&&(d.wp=d.wp||{},d.wp.receiveEmbedMessage||(d.wp.receiveEmbedMessage=function(e){var t=e.data;if((t||t.secret||t.message||t.value)&&!\/[^a-zA-Z0-9]\/.test(t.secret)){for(var s,r,n,a=l.querySelectorAll('iframe[data-secret=\"'+t.secret+'\"]'),o=l.querySelectorAll('blockquote[data-secret=\"'+t.secret+'\"]'),c=new RegExp(\"^https?:$\",\"i\"),i=0;i<o.length;i++)o[i].style.display=\"none\";for(i=0;i<a.length;i++)s=a[i],e.source===s.contentWindow&&(s.removeAttribute(\"style\"),\"height\"===t.message?(1e3<(r=parseInt(t.value,10))?r=1e3:~~r<200&&(r=200),s.height=r):\"link\"===t.message&&(r=new URL(s.getAttribute(\"src\")),n=new URL(t.value),c.test(n.protocol))&&n.host===r.host&&l.activeElement===s&&(d.top.location.href=t.value))}},d.addEventListener(\"message\",d.wp.receiveEmbedMessage,!1),l.addEventListener(\"DOMContentLoaded\",function(){for(var e,t,s=l.querySelectorAll(\"iframe.wp-embedded-content\"),r=0;r<s.length;r++)(t=(e=s[r]).getAttribute(\"data-secret\"))||(t=Math.random().toString(36).substring(2,12),e.src+=\"#?secret=\"+t,e.setAttribute(\"data-secret\",t)),e.contentWindow.postMessage({message:\"ready\",secret:t},\"*\")},!1)))}(window,document);\n\/\/# sourceURL=https:\/\/www.climate-charter.org\/wp-includes\/js\/wp-embed.min.js\n\/* ]]> *\/\n<\/script>\n","description":"Secr\u00e9tariat de la Charte La cr\u00e9ation du Secr\u00e9tariat de la Charte Climat et Environnement pour les organisations humanitaires a \u00e9t\u00e9 annonc\u00e9e lors de la COP28 \u00e0 Duba\u00ef en d\u00e9cembre 2023. Le Secr\u00e9tariat de la Charte sert de centre de r\u00e9f\u00e9rence pour soutenir et connecter les organisations afin de mettre en \u0153uvre les engagements de la [&hellip;]"}

Secrétariat - Climate Charter

<blockquote class="wp-embedded-content" data-secret="95AIbRDJ0b"><a href="https://www.climate-charter.org/fr/secretariat/">Secrétariat</a></blockquote><iframe sandbox="allow-scripts" security="restricted" src="https://www.climate-charter.org/fr/secretariat/embed/#?secret=95AIbRDJ0b" width="600" height="338" title="« Secrétariat » &#8212; Climate Charter" data-secret="95AIbRDJ0b" frameborder="0" marginwidth="0" marginheight="0" scrolling="no" class="wp-embedded-content"></iframe><script type="text/javascript">
/* <![CDATA[ */
/*! This file is auto-generated */
!function(d,l){"use strict";l.querySelector&&d.addEventListener&&"undefined"!=typeof URL&&(d.wp=d.wp||{},d.wp.receiveEmbedMessage||(d.wp.receiveEmbedMessage=function(e){var t=e.data;if((t||t.secret||t.message||t.value)&&!/[^a-zA-Z0-9]/.test(t.secret)){for(var s,r,n,a=l.querySelectorAll('iframe[data-secret="'+t.secret+'"]'),o=l.querySelectorAll('blockquote[data-secret="'+t.secret+'"]'),c=new RegExp("^https?:$","i"),i=0;i<o.length;i++)o[i].style.display="none";for(i=0;i<a.length;i++)s=a[i],e.source===s.contentWindow&&(s.removeAttribute("style"),"height"===t.message?(1e3<(r=parseInt(t.value,10))?r=1e3:~~r<200&&(r=200),s.height=r):"link"===t.message&&(r=new URL(s.getAttribute("src")),n=new URL(t.value),c.test(n.protocol))&&n.host===r.host&&l.activeElement===s&&(d.top.location.href=t.value))}},d.addEventListener("message",d.wp.receiveEmbedMessage,!1),l.addEventListener("DOMContentLoaded",function(){for(var e,t,s=l.querySelectorAll("iframe.wp-embedded-content"),r=0;r<s.length;r++)(t=(e=s[r]).getAttribute("data-secret"))||(t=Math.random().toString(36).substring(2,12),e.src+="#?secret="+t,e.setAttribute("data-secret",t)),e.contentWindow.postMessage({message:"ready",secret:t},"*")},!1)))}(window,document);
//# sourceURL=https://www.climate-charter.org/wp-includes/js/wp-embed.min.js
/* ]]> */
</script>

Secrétariat de la Charte La création du Secrétariat de la Charte Climat et Environnement pour les organisations humanitaires a été annoncée lors de la COP28 à Dubaï en décembre 2023. Le Secrétariat de la Charte sert de centre de référence pour soutenir et connecter les organisations afin de mettre en œuvre les engagements de la [&hellip;]
